{"id":3484,"date":"2021-01-13T22:49:24","date_gmt":"2021-01-13T22:49:24","guid":{"rendered":"https:\/\/check.redneurocom.com\/molicom\/?page_id=3484"},"modified":"2021-11-18T04:44:29","modified_gmt":"2021-11-18T04:44:29","slug":"soluciones","status":"publish","type":"page","link":"https:\/\/check.redneurocom.com\/molicom\/?page_id=3484","title":{"rendered":"Soluciones"},"content":{"rendered":"\t\t<div data-elementor-type=\"wp-page\" data-elementor-id=\"3484\" class=\"elementor elementor-3484\" data-elementor-settings=\"[]\">\n\t\t\t\t\t\t<div class=\"elementor-inner\">\n\t\t\t\t\t\t\t<div class=\"elementor-section-wrap\">\n\t\t\t\t\t\t\t<section class=\"elementor-section elementor-top-section elementor-element elementor-element-0a50705 elementor-section-height-min-height elementor-section-stretched elementor-section-boxed elementor-section-height-default elementor-section-items-middle\" data-id=\"0a50705\" data-element_type=\"section\" data-settings=\"{&quot;stretch_section&quot;:&quot;section-stretched&quot;,&quot;background_background&quot;:&quot;classic&quot;}\">\n\t\t\t\t\t\t\t<div class=\"elementor-background-overlay\"><\/div>\n\t\t\t\t\t\t\t<div class=\"elementor-container elementor-column-gap-default\">\n\t\t\t\t\t\t\t<div class=\"elementor-row\">\n\t\t\t\t\t<div class=\"elementor-column elementor-col-100 elementor-top-column elementor-element elementor-element-8b4fcb1\" data-id=\"8b4fcb1\" data-element_type=\"column\">\n\t\t\t<div class=\"elementor-column-wrap elementor-element-populated\">\n\t\t\t\t\t\t\t<div class=\"elementor-widget-wrap\">\n\t\t\t\t\t\t<div class=\"elementor-element elementor-element-fce08af elementor-widget elementor-widget-heading\" data-id=\"fce08af\" data-element_type=\"widget\" data-widget_type=\"heading.default\">\n\t\t\t\t<div class=\"elementor-widget-container\">\n\t\t\t<h2 class=\"elementor-heading-title elementor-size-default\">NOTICIAS<\/h2>\t\t<\/div>\n\t\t\t\t<\/div>\n\t\t\t\t\t\t<\/div>\n\t\t\t\t\t<\/div>\n\t\t<\/div>\n\t\t\t\t\t\t\t\t<\/div>\n\t\t\t\t\t<\/div>\n\t\t<\/section>\n\t\t\t\t<section class=\"elementor-section elementor-top-section elementor-element elementor-element-645cc48 elementor-section-boxed elementor-section-height-default elementor-section-height-default\" data-id=\"645cc48\" data-element_type=\"section\">\n\t\t\t\t\t\t<div class=\"elementor-container elementor-column-gap-default\">\n\t\t\t\t\t\t\t<div class=\"elementor-row\">\n\t\t\t\t\t<div class=\"elementor-column elementor-col-100 elementor-top-column elementor-element elementor-element-ba26722\" data-id=\"ba26722\" data-element_type=\"column\">\n\t\t\t<div class=\"elementor-column-wrap elementor-element-populated\">\n\t\t\t\t\t\t\t<div class=\"elementor-widget-wrap\">\n\t\t\t\t\t\t<div class=\"elementor-element elementor-element-5ada0b7 elementor-widget elementor-widget-heading\" data-id=\"5ada0b7\" data-element_type=\"widget\" data-widget_type=\"heading.default\">\n\t\t\t\t<div class=\"elementor-widget-container\">\n\t\t\t<h2 class=\"elementor-heading-title elementor-size-default\">\u00daltimas noticias<\/h2>\t\t<\/div>\n\t\t\t\t<\/div>\n\t\t\t\t<div class=\"elementor-element elementor-element-df5888b elementor-widget-divider--view-line elementor-widget elementor-widget-divider\" data-id=\"df5888b\" data-element_type=\"widget\" data-widget_type=\"divider.default\">\n\t\t\t\t<div class=\"elementor-widget-container\">\n\t\t\t\t\t<div class=\"elementor-divider\">\n\t\t\t<span class=\"elementor-divider-separator\">\n\t\t\t\t\t\t<\/span>\n\t\t<\/div>\n\t\t\t\t<\/div>\n\t\t\t\t<\/div>\n\t\t\t\t<div class=\"elementor-element elementor-element-91d8a2a elementor-widget elementor-widget-text-editor\" data-id=\"91d8a2a\" data-element_type=\"widget\" data-widget_type=\"text-editor.default\">\n\t\t\t\t<div class=\"elementor-widget-container\">\n\t\t\t\t\t\t\t\t<div class=\"elementor-text-editor elementor-clearfix\">\n\t\t\t\t<p>Ent\u00e9rate de las ultimas noticias del grupo Molicom<\/p>\t\t\t\t\t<\/div>\n\t\t\t\t\t\t<\/div>\n\t\t\t\t<\/div>\n\t\t\t\t<div class=\"elementor-element elementor-element-f51cfc5 section-posts elementor-widget elementor-widget-ap-blog-post\" data-id=\"f51cfc5\" data-element_type=\"widget\" data-widget_type=\"ap-blog-post.default\">\n\t\t\t\t<div class=\"elementor-widget-container\">\n\t\t\t      <div class=\"ap-blog-post-main-wrapp style3\" >\r\n                 <div class=\"item-wrapp\">\r\n                <div class=\"post-thumb-wrapp\">\r\n        <a href=\"https:\/\/check.redneurocom.com\/molicom\/?p=4664\">\r\n            <img src=\"https:\/\/check.redneurocom.com\/molicom\/wp-content\/uploads\/2021\/10\/g_736_nota_web_21-768x461.jpg\" alt=\"\">\r\n        <\/a>\r\n    <\/div>\r\n\r\n            <div class=\"content-wrapp\">\r\n                <div class=\"blog-date\">Octubre 20, 2021<\/div>\r\n                <h2 class=\"post-title\">\r\n                    <a href=\"https:\/\/check.redneurocom.com\/molicom\/?p=4664\">\r\n                        ALLIANCE TIRE GROUP, ingreso de manera oficial al Per\u00fa de la mano de Comercio &#038; C\u00eda. S.A.                    <\/a>\r\n                <\/h2>\r\n                <div class=\"post-content\">\r\n                    \r\n        <div class=\"post-excerpt\">\r\n            \n\n\n\n\n\n\n\n\nAlliance Tire Group (ATG) es una marca l\u00edder en el mercado mundial de neum\u00e1ticos para veh\u00edc        <\/div>\r\n                        <\/div>\r\n                <a href=\"https:\/\/check.redneurocom.com\/molicom\/?p=4664\" class=\"btn-read-more\">Read More<\/a>\r\n            <\/div>\r\n        <\/div>\r\n            <div class=\"item-wrapp\">\r\n                <div class=\"post-thumb-wrapp\">\r\n        <a href=\"https:\/\/check.redneurocom.com\/molicom\/?p=4663\">\r\n            <img src=\"https:\/\/check.redneurocom.com\/molicom\/wp-content\/uploads\/2021\/10\/g_625_IMG_86491-768x512.jpg\" alt=\"\">\r\n        <\/a>\r\n    <\/div>\r\n\r\n            <div class=\"content-wrapp\">\r\n                <div class=\"blog-date\">Octubre 20, 2021<\/div>\r\n                <h2 class=\"post-title\">\r\n                    <a href=\"https:\/\/check.redneurocom.com\/molicom\/?p=4663\">\r\n                        Comercio &#038; C\u00eda. Llantas presente en Feria Internacional Minera                    <\/a>\r\n                <\/h2>\r\n                <div class=\"post-content\">\r\n                    \r\n        <div class=\"post-excerpt\">\r\n            \nComercio Amazon\u00eda, exportaci\u00f3n de caf\u00e9 peruano\n\n\n\nLas marcas Alliance, Galaxy y Primex de ATG prese        <\/div>\r\n                        <\/div>\r\n                <a href=\"https:\/\/check.redneurocom.com\/molicom\/?p=4663\" class=\"btn-read-more\">Read More<\/a>\r\n            <\/div>\r\n        <\/div>\r\n            <div class=\"item-wrapp\">\r\n                <div class=\"post-thumb-wrapp\">\r\n        <a href=\"https:\/\/check.redneurocom.com\/molicom\/?p=4661\">\r\n            <img src=\"https:\/\/check.redneurocom.com\/molicom\/wp-content\/uploads\/2021\/10\/TA-LOGO11-768x644.jpg\" alt=\"\">\r\n        <\/a>\r\n    <\/div>\r\n\r\n            <div class=\"content-wrapp\">\r\n                <div class=\"blog-date\">Octubre 20, 2021<\/div>\r\n                <h2 class=\"post-title\">\r\n                    <a href=\"https:\/\/check.redneurocom.com\/molicom\/?p=4661\">\r\n                        Transportes Amazon\u00eda, empresa dedicada al transporte terrestre de carga pesada                    <\/a>\r\n                <\/h2>\r\n                <div class=\"post-content\">\r\n                    \r\n        <div class=\"post-excerpt\">\r\n            \n\n\n\n\nTransportes Amazon\u00eda, empresa dedicada al transporte terrestre de carga pesada\n\n\n\n24\/05\/2021 La        <\/div>\r\n                        <\/div>\r\n                <a href=\"https:\/\/check.redneurocom.com\/molicom\/?p=4661\" class=\"btn-read-more\">Read More<\/a>\r\n            <\/div>\r\n        <\/div>\r\n            <div class=\"item-wrapp\">\r\n                <div class=\"post-thumb-wrapp\">\r\n        <a href=\"https:\/\/check.redneurocom.com\/molicom\/?p=4185\">\r\n            <img src=\"https:\/\/check.redneurocom.com\/molicom\/wp-content\/uploads\/2021\/10\/CAFE-LOGO11-768x644.jpg\" alt=\"\">\r\n        <\/a>\r\n    <\/div>\r\n\r\n            <div class=\"content-wrapp\">\r\n                <div class=\"blog-date\">Octubre 4, 2021<\/div>\r\n                <h2 class=\"post-title\">\r\n                    <a href=\"https:\/\/check.redneurocom.com\/molicom\/?p=4185\">\r\n                        Comercio Amazon\u00eda, exportaci\u00f3n de caf\u00e9 peruano                    <\/a>\r\n                <\/h2>\r\n                <div class=\"post-content\">\r\n                    \r\n        <div class=\"post-excerpt\">\r\n            \n\n\n\n\nComercio Amazon\u00eda, exportaci\u00f3n de caf\u00e9 peruano\n\n\n\n24\/05\/2021 La l\u00ednea de negocio de exportaci\u00f3n        <\/div>\r\n                        <\/div>\r\n                <a href=\"https:\/\/check.redneurocom.com\/molicom\/?p=4185\" class=\"btn-read-more\">Read More<\/a>\r\n            <\/div>\r\n        <\/div>\r\n        <\/div>\r\n    \t\t<\/div>\n\t\t\t\t<\/div>\n\t\t\t\t\t\t<\/div>\n\t\t\t\t\t<\/div>\n\t\t<\/div>\n\t\t\t\t\t\t\t\t<\/div>\n\t\t\t\t\t<\/div>\n\t\t<\/section>\n\t\t\t\t\t\t<\/div>\n\t\t\t\t\t\t<\/div>\n\t\t\t\t\t<\/div>\n\t\t","protected":false},"excerpt":{"rendered":"<p>NOTICIAS \u00daltimas noticias Ent\u00e9rate de las ultimas noticias del grupo Molicom Octubre 20, 2021 ALLIANCE TIRE GROUP, ingreso de manera oficial al Per\u00fa de la mano de Comercio &#038; C\u00eda. S.A. Alliance Tire Group (ATG) es una marca l\u00edder en el mercado mundial de neum\u00e1ticos para veh\u00edc Read More Octubre 20, 2021 Comercio &#038; C\u00eda. &hellip;<\/p>\n<p class=\"read-more\"> <a class=\"\" href=\"https:\/\/check.redneurocom.com\/molicom\/?p=4185\"> <span class=\"screen-reader-text\">Comercio Amazon\u00eda, exportaci\u00f3n de caf\u00e9 peruano<\/span> Read More &raquo;<\/a><\/p>\n","protected":false},"author":1,"featured_media":0,"parent":0,"menu_order":0,"comment_status":"closed","ping_status":"closed","template":"","meta":[],"yoast_head":"<!-- This site is optimized with the Yoast SEO plugin v17.3 - https:\/\/yoast.com\/wordpress\/plugins\/seo\/ -->\n<title>Soluciones - Grupo Molicom<\/title>\n<meta name=\"description\" content=\"Debemos acatar ciertas recomendaciones para no sobre esforzar las zonas dobladas y estas queden debilitadas.\" \/>\n<meta name=\"robots\" content=\"index, follow, max-snippet:-1, max-image-preview:large, max-video-preview:-1\" \/>\n<link rel=\"canonical\" href=\"https:\/\/check.redneurocom.com\/molicom\/?page_id=3484\" \/>\n<meta property=\"og:locale\" content=\"es_ES\" \/>\n<meta property=\"og:type\" content=\"article\" \/>\n<meta property=\"og:title\" content=\"Soluciones - Grupo Molicom\" \/>\n<meta property=\"og:description\" content=\"Debemos acatar ciertas recomendaciones para no sobre esforzar las zonas dobladas y estas queden debilitadas.\" \/>\n<meta property=\"og:url\" content=\"https:\/\/check.redneurocom.com\/molicom\/?page_id=3484\" \/>\n<meta property=\"og:site_name\" content=\"Grupo Molicom\" \/>\n<meta property=\"article:publisher\" content=\"https:\/\/www.facebook.com\/Grupo-Molicom-222968614426911\" \/>\n<meta property=\"article:modified_time\" content=\"2021-11-18T04:44:29+00:00\" \/>\n<meta property=\"og:image\" content=\"https:\/\/check.redneurocom.com\/molicom\/wp-content\/uploads\/2021\/10\/g_736_nota_web_21-768x461.jpg\" \/>\n<meta name=\"twitter:card\" content=\"summary_large_image\" \/>\n<meta name=\"twitter:label1\" content=\"Est. reading time\" \/>\n\t<meta name=\"twitter:data1\" content=\"2 minutos\" \/>\n<script type=\"application\/ld+json\" class=\"yoast-schema-graph\">{\"@context\":\"https:\/\/schema.org\",\"@graph\":[{\"@type\":\"Organization\",\"@id\":\"https:\/\/check.redneurocom.com\/molicom\/#organization\",\"name\":\"Miromina\",\"url\":\"https:\/\/check.redneurocom.com\/molicom\/\",\"sameAs\":[\"https:\/\/www.facebook.com\/Grupo-Molicom-222968614426911\",\"https:\/\/www.linkedin.com\/m\/login\",\"https:\/\/www.youtube.com\/channel\/UCH483e_rvCIMxv23VT5EguA\"],\"logo\":{\"@type\":\"ImageObject\",\"@id\":\"https:\/\/check.redneurocom.com\/molicom\/#logo\",\"inLanguage\":\"es-PE\",\"url\":\"https:\/\/check.redneurocom.com\/molicom\/wp-content\/uploads\/2020\/11\/logo-miromina.png\",\"contentUrl\":\"https:\/\/check.redneurocom.com\/molicom\/wp-content\/uploads\/2020\/11\/logo-miromina.png\",\"width\":362,\"height\":97,\"caption\":\"Miromina\"},\"image\":{\"@id\":\"https:\/\/check.redneurocom.com\/molicom\/#logo\"}},{\"@type\":\"WebSite\",\"@id\":\"https:\/\/check.redneurocom.com\/molicom\/#website\",\"url\":\"https:\/\/check.redneurocom.com\/molicom\/\",\"name\":\"Grupo Molicom\",\"description\":\"Peruanos trabajando por el crecimiento del pais\",\"publisher\":{\"@id\":\"https:\/\/check.redneurocom.com\/molicom\/#organization\"},\"potentialAction\":[{\"@type\":\"SearchAction\",\"target\":{\"@type\":\"EntryPoint\",\"urlTemplate\":\"https:\/\/check.redneurocom.com\/molicom\/?s={search_term_string}\"},\"query-input\":\"required name=search_term_string\"}],\"inLanguage\":\"es-PE\"},{\"@type\":\"ImageObject\",\"@id\":\"https:\/\/check.redneurocom.com\/molicom\/?page_id=3484#primaryimage\",\"inLanguage\":\"es-PE\",\"url\":\"https:\/\/check.redneurocom.com\/molicom\/wp-content\/uploads\/2021\/10\/g_736_nota_web_21.jpg\",\"contentUrl\":\"https:\/\/check.redneurocom.com\/molicom\/wp-content\/uploads\/2021\/10\/g_736_nota_web_21.jpg\",\"width\":1000,\"height\":600},{\"@type\":\"WebPage\",\"@id\":\"https:\/\/check.redneurocom.com\/molicom\/?page_id=3484#webpage\",\"url\":\"https:\/\/check.redneurocom.com\/molicom\/?page_id=3484\",\"name\":\"Soluciones - Grupo Molicom\",\"isPartOf\":{\"@id\":\"https:\/\/check.redneurocom.com\/molicom\/#website\"},\"primaryImageOfPage\":{\"@id\":\"https:\/\/check.redneurocom.com\/molicom\/?page_id=3484#primaryimage\"},\"datePublished\":\"2021-01-13T22:49:24+00:00\",\"dateModified\":\"2021-11-18T04:44:29+00:00\",\"description\":\"Debemos acatar ciertas recomendaciones para no sobre esforzar las zonas dobladas y estas queden debilitadas.\",\"breadcrumb\":{\"@id\":\"https:\/\/check.redneurocom.com\/molicom\/?page_id=3484#breadcrumb\"},\"inLanguage\":\"es-PE\",\"potentialAction\":[{\"@type\":\"ReadAction\",\"target\":[\"https:\/\/check.redneurocom.com\/molicom\/?page_id=3484\"]}]},{\"@type\":\"BreadcrumbList\",\"@id\":\"https:\/\/check.redneurocom.com\/molicom\/?page_id=3484#breadcrumb\",\"itemListElement\":[{\"@type\":\"ListItem\",\"position\":1,\"name\":\"Portada\",\"item\":\"https:\/\/check.redneurocom.com\/molicom\/\"},{\"@type\":\"ListItem\",\"position\":2,\"name\":\"Soluciones\"}]}]}<\/script>\n<!-- \/ Yoast SEO plugin. -->","yoast_head_json":{"title":"Soluciones - Grupo Molicom","description":"Debemos acatar ciertas recomendaciones para no sobre esforzar las zonas dobladas y estas queden debilitadas.","robots":{"index":"index","follow":"follow","max-snippet":"max-snippet:-1","max-image-preview":"max-image-preview:large","max-video-preview":"max-video-preview:-1"},"canonical":"https:\/\/check.redneurocom.com\/molicom\/?page_id=3484","og_locale":"es_ES","og_type":"article","og_title":"Soluciones - Grupo Molicom","og_description":"Debemos acatar ciertas recomendaciones para no sobre esforzar las zonas dobladas y estas queden debilitadas.","og_url":"https:\/\/check.redneurocom.com\/molicom\/?page_id=3484","og_site_name":"Grupo Molicom","article_publisher":"https:\/\/www.facebook.com\/Grupo-Molicom-222968614426911","article_modified_time":"2021-11-18T04:44:29+00:00","og_image":[{"url":"https:\/\/check.redneurocom.com\/molicom\/wp-content\/uploads\/2021\/10\/g_736_nota_web_21-768x461.jpg"}],"twitter_card":"summary_large_image","twitter_misc":{"Est. reading time":"2 minutos"},"schema":{"@context":"https:\/\/schema.org","@graph":[{"@type":"Organization","@id":"https:\/\/check.redneurocom.com\/molicom\/#organization","name":"Miromina","url":"https:\/\/check.redneurocom.com\/molicom\/","sameAs":["https:\/\/www.facebook.com\/Grupo-Molicom-222968614426911","https:\/\/www.linkedin.com\/m\/login","https:\/\/www.youtube.com\/channel\/UCH483e_rvCIMxv23VT5EguA"],"logo":{"@type":"ImageObject","@id":"https:\/\/check.redneurocom.com\/molicom\/#logo","inLanguage":"es-PE","url":"https:\/\/check.redneurocom.com\/molicom\/wp-content\/uploads\/2020\/11\/logo-miromina.png","contentUrl":"https:\/\/check.redneurocom.com\/molicom\/wp-content\/uploads\/2020\/11\/logo-miromina.png","width":362,"height":97,"caption":"Miromina"},"image":{"@id":"https:\/\/check.redneurocom.com\/molicom\/#logo"}},{"@type":"WebSite","@id":"https:\/\/check.redneurocom.com\/molicom\/#website","url":"https:\/\/check.redneurocom.com\/molicom\/","name":"Grupo Molicom","description":"Peruanos trabajando por el crecimiento del pais","publisher":{"@id":"https:\/\/check.redneurocom.com\/molicom\/#organization"},"potentialAction":[{"@type":"SearchAction","target":{"@type":"EntryPoint","urlTemplate":"https:\/\/check.redneurocom.com\/molicom\/?s={search_term_string}"},"query-input":"required name=search_term_string"}],"inLanguage":"es-PE"},{"@type":"ImageObject","@id":"https:\/\/check.redneurocom.com\/molicom\/?page_id=3484#primaryimage","inLanguage":"es-PE","url":"https:\/\/check.redneurocom.com\/molicom\/wp-content\/uploads\/2021\/10\/g_736_nota_web_21.jpg","contentUrl":"https:\/\/check.redneurocom.com\/molicom\/wp-content\/uploads\/2021\/10\/g_736_nota_web_21.jpg","width":1000,"height":600},{"@type":"WebPage","@id":"https:\/\/check.redneurocom.com\/molicom\/?page_id=3484#webpage","url":"https:\/\/check.redneurocom.com\/molicom\/?page_id=3484","name":"Soluciones - Grupo Molicom","isPartOf":{"@id":"https:\/\/check.redneurocom.com\/molicom\/#website"},"primaryImageOfPage":{"@id":"https:\/\/check.redneurocom.com\/molicom\/?page_id=3484#primaryimage"},"datePublished":"2021-01-13T22:49:24+00:00","dateModified":"2021-11-18T04:44:29+00:00","description":"Debemos acatar ciertas recomendaciones para no sobre esforzar las zonas dobladas y estas queden debilitadas.","breadcrumb":{"@id":"https:\/\/check.redneurocom.com\/molicom\/?page_id=3484#breadcrumb"},"inLanguage":"es-PE","potentialAction":[{"@type":"ReadAction","target":["https:\/\/check.redneurocom.com\/molicom\/?page_id=3484"]}]},{"@type":"BreadcrumbList","@id":"https:\/\/check.redneurocom.com\/molicom\/?page_id=3484#breadcrumb","itemListElement":[{"@type":"ListItem","position":1,"name":"Portada","item":"https:\/\/check.redneurocom.com\/molicom\/"},{"@type":"ListItem","position":2,"name":"Soluciones"}]}]}},"_links":{"self":[{"href":"https:\/\/check.redneurocom.com\/molicom\/index.php?rest_route=\/wp\/v2\/pages\/3484"}],"collection":[{"href":"https:\/\/check.redneurocom.com\/molicom\/index.php?rest_route=\/wp\/v2\/pages"}],"about":[{"href":"https:\/\/check.redneurocom.com\/molicom\/index.php?rest_route=\/wp\/v2\/types\/page"}],"author":[{"embeddable":true,"href":"https:\/\/check.redneurocom.com\/molicom\/index.php?rest_route=\/wp\/v2\/users\/1"}],"replies":[{"embeddable":true,"href":"https:\/\/check.redneurocom.com\/molicom\/index.php?rest_route=%2Fwp%2Fv2%2Fcomments&post=3484"}],"version-history":[{"count":15,"href":"https:\/\/check.redneurocom.com\/molicom\/index.php?rest_route=\/wp\/v2\/pages\/3484\/revisions"}],"predecessor-version":[{"id":5177,"href":"https:\/\/check.redneurocom.com\/molicom\/index.php?rest_route=\/wp\/v2\/pages\/3484\/revisions\/5177"}],"wp:attachment":[{"href":"https:\/\/check.redneurocom.com\/molicom\/index.php?rest_route=%2Fwp%2Fv2%2Fmedia&parent=3484"}],"curies":[{"name":"wp","href":"https:\/\/api.w.org\/{rel}","templated":true}]}}